f + 740 - 226 = 0. Is f composite?
False
Let h be 2/((5/74)/5). Suppose 4*a - g = -101 + 381, -12 = -3*g. Let u = h - a. Is u a composite number?
True
Let g(c) be the second derivative of 19*c**3/3 - 3*c**2/2 + 2*c. Is g(4) composite?
False
Let u = -141 + 2240. Is u a prime number?
True
Let a(o) = 17*o + 50*o + 2 - 1 + 2*o. Is a(2) composite?
False
Let p be 2/10 + (-5)/25. Suppose -i + p*z + 5 = -2*z, 0 = 4*i - 2*z - 20. Let o(g) = 2*g**3 - 6*g**2 + 3*g - 4. Is o(i) composite?
True
Let y = -1260 + 2897. Is y prime?
True
Suppose 3*w = 5*o - 40, 2*o - 5 = -3*w + 11. Let c be 2/o - 897/(-12). Suppose -5*s - 20 = -c. Is s composite?
False
Let b = -6 + 361. Is b composite?
True
Let p(g) be the second derivative of -67*g**3/6 + g**2 + 4*g. Is p(-3) prime?
False
Is 3/9 + 52*(-178)/(-6) prime?
True
Let l = -11 + 6. Suppose 6 = -0*n - 3*n. Let z = n - l. Is z a composite number?
False
Is 1648 - (12/(-30) - (-12)/5) composite?
True
Suppose -4*c + 370 = -1794. Is c prime?
True
Suppose 235 + 211 = 2*p + 3*o, -5*p + 1115 = -5*o. Is p a prime number?
True
Let b(f) = 445*f + 6. Is b(1) a composite number?
True
Let z(m) = m - 8. Let k(h) = 7. Let a(d) = 4*k(d) + 3*z(d). Is a(5) prime?
True
Let u be (-8)/(-32) - 3562/8. Let n = 692 + u. Is n a prime number?
False
Let x be 8936/36 + 2/(-9). Is x/3 + 4/(-6) prime?
False
Let j = -1161 + 2498. Is j a composite number?
True
Suppose 12 = -4*g - 16. Let j(z) = 3*z**2 - 5*z + 9. Is j(g) a composite number?
False
Suppose -4*z = -c - 3 - 4, 0 = -5*c - 3*z + 57. Suppose b + c = 88. Is b a prime number?
True
Let j(b) = -22*b + 7. Is j(-4) a prime number?
False
Suppose -3*r = -0 - 9. Suppose r*u + 76 = -u. Let i = -6 - u. Is i a prime number?
True
Let n(u) = u**3 + 7*u**2 + 6*u + 4. Let j(i) = -i**3 - 7*i**2 - 6*i - 3. Let a(v) = -4*j(v) - 3*n(v). Let t be a(-6). Is ((-231)/6 - t)*-2 a prime number?
False
Let f be 4/(-8)*0 + 0. Let n(i) = i**3 - 2*i**2 - 2*i - 4. Let b be n(3). Is (-54 + -1)/(f + b) a prime number?
False
Let k(n) = n + 11. Let y be k(0). Let p = y + 79. Is p - (0/2 + 1) prime?
True
Let f be ((-36)/(-42))/((-1)/(-77)). Let l = f + -33. Is l*(25/(-3))/(-5) prime?
False
Suppose -4535 = -18*g + 13*g. Is g a composite number?
False
Let u be 0/(-1)*3/(-3). Let r(l) = -l + 93. Is r(u) composite?
True
Suppose 3*z + 4*p - 427 = 0, 2*z + p = -3*p + 282. Is z composite?
True
Let c be (-12)/(-30) - 8/(-5). Suppose -3*f = 9, 0*f - c*f - 117 = -3*k. Is k prime?
True
Let s be 1 - (-3)/(-3) - -5. Suppose 124 = -i + s*i. Is i a composite number?
False
Suppose 3*q - 5 = -h - 0*h, 4*h - 3*q = 20. Suppose -m + h*m = 8. Suppose m*i - 14 = 78. Is i composite?
True
Let k = -2 + -1. Let v be (k - -3)*2/4. Suppose v*a = 2*a - 74. Is a a prime number?
True
Let m be -6*(-2 - (-3)/2). Suppose -8 = -3*a + 2*h, 3*a - m*h - 1 = -8*h. Is (-47*(-4)/a)/2 prime?
True
Suppose -2*m - y + 1345 = 0, 0*y + 3368 = 5*m - 3*y. Is m composite?
False
Suppose 3*c + 5*z - 1473 = c, -3*z + 734 = c. Is c a composite number?
True
Suppose 3*m - 91 = 86. Is m a composite number?
False
Suppose -2*f = 2*f + 3*o + 1, -5*f + 2*o + 16 = 0. Suppose 0*b + 70 = f*b. Is b a composite number?
True
Let s = -60 + 55. Let y(w) = -4*w + 1. Let x(u) = 2*u - 1. Let i(m) = -9*x(m) - 4*y(m). Is i(s) prime?
False
Let p = 2 - 4. Is 79*2 - (1 + p) composite?
True
Suppose -2*n - 3 = -n. Let x(t) = -3*t - 4. Let c be x(n). Let f(s) = 10*s + 3. Is f(c) prime?
True
Let k = 608 + 231. Suppose -4*c + 3*x = 251 - 1080, -x = -4*c + k. Let l = -126 + c. Is l a prime number?
False
Let h(s) = s**2. Let y be h(1). Suppose -4*c = 5*w - 14, 0 = 3*w - 0*c - 5*c - y. Is 5*((6 - 1) + w) a composite number?
True
Suppose 5*o = o + 16. Suppose -278 = -5*p - g + o*g, 0 = -4*g - 4. Is p a prime number?
False
Let i(u) = 5*u**3 - 6*u**2 + 12*u - 8. Is i(5) a composite number?
True
Suppose -146 = 17*f - 1608. Is f composite?
True
Suppose 0 = -4*y - 2*g - 0*g + 122, -28 = -y - g. Suppose -t - f - 1 = -7, 4*t - 5*f = y. Is t a composite number?
False
Suppose 0 = 5*r - 5*w - 0*w + 3010, -617 = r + 4*w. Let y = r + 856. Is y prime?
True
Suppose -5*t = 4*x - 20, t + 15 = 5*t + 3*x. Suppose -c - 4*f + 77 = t, -266 = c - 5*c - 2*f. Is c a prime number?
False
Let v = 39 - 19. Let q = -13 + v. Is q a prime number?
True
Suppose -b - b + 114 = 0. Is b a prime number?
False
Let l(w) = 42*w**3 - w**2 + w. Is l(2) composite?
True
Suppose -3*p + p = -u - 3, -5*p = u - 11. Is (-89 + 0)/(u*-1) composite?
False
Is ((-3 - (-155)/(-3)) + -1)*-3 a composite number?
False
Suppose -998 = -4*q + 2*q. Is q prime?
True
Let s(z) = 11*z - 1. Let h = 15 - 10. Let u be s(h). Let j = u + 67. Is j composite?
True
Is (471/9)/(1/3) a composite number?
False
Suppose -5*h + 498 + 1037 = 0. Is h prime?
True
Suppose 8260 = -0*q - 7*q. Let i = -539 - q. Is i prime?
True
Let d(n) = n**2 - 2*n - 1. Suppose -5*l + l + 36 = 0. Let b be d(l). Suppose -b = r - 153. Is r prime?
False
Let r be 27 + -29 + 0 + 1 + 212. Let b(i) = i**3 + i**2 - i - 124. Let v be b(0). Let g = v + r. Is g a prime number?
False
Let f = 178 - -1167. Is f a prime number?
False
Let f = 4 + -12. Let j be (-23)/(-4) + f/(-32). Is 68/j - 9/27 prime?
True
Is 6*(198/4 + -1) a composite number?
True
Suppose 3*q - 4*n = 41, 0*q + 40 = 3*q - 5*n. Let t = -18 - -52. Let s = q + t. Is s a composite number?
True
Suppose 0 = -8*c + 3015 - 863. Is c composite?
False
Suppose 2*m = 4*x + 386, -4*x = 6 + 6. Is m prime?
False
Let c = -6 + 10. Suppose 3*t - 11 = c. Suppose -t*o + 105 = -2*o. Is o composite?
True
Suppose 2*y - 3*s = 600 + 655, -y = -s - 630. Is y a prime number?
False
Is -2 + (1121 + 4 + -6 - 3) composite?
True
Suppose 0*n = 3*n - 1134. Suppose 0 = 7*t - 9*t + n. Let h = t - 76. Is h prime?
True
Suppose 2*u - 115 = 633. Let j = u + -195. Is j composite?
False
Let k be (8/(-3))/((-8)/(-300)). Let i = -62 - k. Is i a composite number?
True
Let t be -23 + (0/2)/(-2). Let y = 42 + t. Suppose 2*s = 3*s - y. Is s composite?
False
Let b be -1 - (-2 - 1/1). Suppose -w = -5*g + 314, 170 = 4*g + 4*w - 86. Suppose b*r - 3 = r, -3*q + r + g = 0. Is q prime?
False
Let r = 22 - 11. Let n = 48 - r. Is n prime?
True
Let g = -1 - -6. Suppose 4*v = v - 5*a - 31, v = g*a - 37. Let t = 30 + v. Is t a prime number?
True
Let p(z) = -10*z + 1. Let d be p(-5). Suppose 5*h - 10 = -5*m, -4*h - 10 = -3*h - 5*m. Suppose -3*r + 184 = r + 2*y, h = r - 2*y - d. Is r a composite number?
False
Is (-53)/(-1)*(-187)/(-17) composite?
True
Let g(l) = 36*l**2 - l. Suppose 0 = -r - 3*r - 4. Is g(r) a prime number?
True
Let h(q) = -q**3 - 3*q**2 - q + 8. Is h(-7) prime?
True
Let d(w) = -4*w**3 - w**2 - 3*w - 5. Let z be d(-4). Let c = z - 152. Is c composite?
True
Let t = 321 - 147. Suppose -2*q + t = 2*c, 0 = c + 1 + 1. Is q a prime number?
True
Let g(y) = -13*y + 8. Let v be g(-8). Let q = 255 - v. Is q prime?
False
Suppose 4*h - 608 = 420. Is h prime?
True
Let g be 36/(-10)*10/(-4). Suppose -11*r = -g*r - 158. Is r composite?
False
Let i(y) = -3*y - 8. Let l be i(-6). Let r be 25/l*(0 + 4). Let c = -4 + r. Is c a prime number?
False
Let a = 845 + -192. Is a prime?
True
Let a(u) = 20*u + 59. Is a(22) a prime number?
True
Let d(g) be the second derivative of -g**5/20 + 11*g**4/12 - 3*g**3/2 - 9*g**2/2 + 4*g. Let i be d(10). Let o = 7 - i. Is o composite?
True
Let h(t) = t**3 - 7*t**2 - t + 9. Let r be h(7). Suppose r*j + j - 9 = 0. Is j composite?
False
Let v(u) = -u**2 - 5*u - 1. Let y be v(-5). Is y - 1016/(-3 - 1) prime?
False
Suppose l + 31 - 180 = 0. Is l composite?
False
Suppose u + 4*s + 0*s = 435, -2*u + 825 = -s. Is u prime?
False
Let h(j) be the first derivative of j**4/4 - 4*j**3/3 - 5*j**2/2 - 2*j + 1. Let v be h(5). Is (0 - v - 1) + 10 a prime number?
True
Suppose 825 = 5*a + 5*o, 7*a - 3*a = -2*o + 670. Suppose 2*g - 2*m = -g + 131, 4*g - a = 5*m. Suppose -50 = -5*i + g. Is i composite?
False
Let f(d) = -2*d - 11. Suppose -4 = 3*u - 7*u. Let n be -8 + (1 - (3 - u)). Is f(n) prime?
True
Is 19/(-2 + 78/38) composite?
True
Let x = -26 + 39. Is x composite?
False
Let q be (-51)/((-18)/10 - -2). Is (-3)/12 + q/(-12) composite?
True
Let f(k) = 23*k**3 - 5*k**2 + 13*k - 2. Let d(m) = 15*m**3 - 3*m**2 + 9*m - 1. Let q(n) = -7*d(n) + 5*f(n). Is q(3) a prime number?
False
Suppose -10*g + 1061 = -9*g. Is 